). Let b = -1 - a. What are the prime factors of b?
5
Let f(m) = -m**3 - 5*m**2 + 6*m - 5. Let t be f(-5). Let l = -17 - t. What are the prime factors of l?
2, 3
Let q = -82 + 59. List the prime factors of -1*(4 - 3)*q.
23
Let x be 1*(0 - (-1 + -1)). Suppose -7*s + 2*g = -x*s - 73, -s - 5*g + 20 = 0. What are the prime factors of s?
3, 5
Suppose 7 = y + 1. Let x(n) = n**2 - 6*n - 8. Let t be x(y). Let m = t + 20. List the prime factors of m.
2, 3
Let z = 2 + 3. Suppose 5*n + 5*x = 95, -z*n - 2 + 132 = -2*x. Suppose 4 = -5*r + n. What are the prime factors of r?
2
Suppose 0*a = a - 19. What are the prime factors of a?
19
Suppose 4*d - 4 = -0. Suppose -c + 4*b + 1 = 0, -34 - 19 = -5*c - 4*b. Let v = c + d. What are the prime factors of v?
2, 5
List the prime factors of (-5 + (0 - -10))*18.
2, 3, 5
Suppose 2 = -3*m - 4. Let h be (m/(-4))/(1/4). Suppose h*i - 4*q = 6, -q - 34 = -3*i - 0*q. What are the prime factors of i?
13
Let g be 4/(-6) - 26/6. Let v = 10 + g. Suppose -2*z = -s + 5, -v*s - z = -4*z - 46. What are the prime factors of s?
11
Suppose 623 = 5*c + 153. What are the prime factors of c?
2, 47
Let i = -48 + 71. Let f = i + -4. List the prime factors of f.
19
Suppose 5*b + 81 + 314 = 0. Let k = -54 - b. What are the prime factors of k?
5
Let v(d) = -13*d**2 + 23*d - 21. Let r(w) be the first derivative of -w**3 + 3*w**2 - 5*w - 2. Let u(p) = 9*r(p) - 2*v(p). List the prime factors of u(5).
2, 3
Let d be 132 + (-2 - 0) + 0. Suppose -4*r - 144 = 4*q - 0*q, -4*q + 3*r = d. What are the prime factors of q/(-8) + 1/(-4)?
2
Suppose 0 = -5*u - 2 - 8. Let a = u - -4. Suppose b = a*b - 4. What are the prime factors of b?
2
Suppose -4*x + 20 = x. Suppose -a = x*a - 20. What are the prime factors of a?
2
Suppose 10 = 5*b - k, -2*b + 0*k = -k - 1. Suppose -b = -r - 0. Let v(j) = -j**3 + 2*j**2 + 5*j - 3. List the prime factors of v(r).
3
Suppose 3*n - 1 = -2*o, -5*o + 4*n = n - 13. Let b(s) = 8*s**2 - 2. What are the prime factors of b(o)?
2, 3, 5
List the prime factors of ((-7)/(-14))/(1/100).
2, 5
Let f(g) = -7*g - 3. List the prime factors of f(-6).
3, 13
Let d be (-142)/(-6) + 4/(-6). Let l be (-10)/3*(4 + -1). Let u = d + l. List the prime factors of u.
13
Suppose 3*k + 4*g + 11 = 0, 14 = 2*k - 4*g - 12. What are the prime factors of k/6*-17*-2?
17
Suppose -2*x = x - 12, 4*h - 4 = 2*x. Suppose -s = 5*b - 4, 0 = -b + h*b. Suppose -41 = -3*w + s*f, -3*w + 31 + 6 = -2*f. What are the prime factors of w?
11
Let j(m) = 4*m - 2. List the prime factors of j(5).
2, 3
Let i(c) = -c**3 - 15*c**2 - 12*c - 2. Let d be i(-14). List the prime factors of ((-126)/15)/(9/d).
2, 7
Suppose -5*t + 42 = 3*m, -3*m + 7 = 2*t - 8. List the prime factors of t.
3
Suppose 0 = 3*a - 4*a + 52. Suppose 4*f + 2*s + 2*s - a = 0, -3*s = 12. List the prime factors of f.
17
Suppose -2*n + 4*m + 0 = -4, 2*m - 10 = -2*n. Suppose 4*q + 5*u = -0*q - 12, 0 = n*q - 4*u - 24. Suppose 0 = 3*w - q*w - 8. List the prime factors of w.
2
Suppose -2 + 1 = -n + 5*j, 0 = -n - 2*j + 1. Let i = n - 0. What are the prime factors of 2 - (i + 3/(-3))?
2
Suppose -8 = -5*q - 43. Let n be (-2)/4 - q/2. Suppose -45 = -5*y + n*g + 2*g, 2*y - 5*g = 24. List the prime factors of y.
7
Let c = -11 - -11. Let l(y) = y**3 - 2*y + 12. List the prime factors of l(c).
2, 3
Let g(r) = -r**3 + 10*r**2 - 6*r - 3. Let o be g(9). Suppose -a + o = -5*a. What are the prime factors of 9/a*-2*1?
3
Suppose 0*f + 9 = 3*f. Suppose -3*y - 3 = 3*p, -5 = -y - 0*y. What are the prime factors of (6/(-4))/(f/p)?
3
Let q(n) = 9*n**2 + n - 1. List the prime factors of q(1).
3
Suppose 5*a = 2*a - 27. Let c = a - -44. What are the prime factors of ((-30)/c)/(2/(-14))?
2, 3
Let d(z) = 40*z**2 - 7*z + 10. What are the prime factors of d(2)?
2, 3, 13
Let j(k) = 9*k**2 - k - 14. List the prime factors of j(-4).
2, 67
Let c(y) = y**2 - 9*y + 2. Let d be c(9). Suppose 44 = 5*n + v, -2*v + d = 4. What are the prime factors of n?
3
Let p = 49 + -9. Suppose -v = v + p. Let h = v - -29. What are the prime factors of h?
3
Let c(p) = -p - 4. Let a be c(-6). Suppose -4*j + 59 = d, -j - 6 = 4*d - 32. Suppose -2*k = 2*h - j, -13 = h - a*h + 5*k. List the prime factors of h.
2
Suppose -3*x - 10 = -5*x. Suppose x*j - 26 = 3*y + 7, 5*y - 2 = 2*j. List the prime factors of j.
3
Let g(k) = k + 12. Let u be g(0). Suppose -4*s + 80 = u. What are the prime factors of s?
17
Let u(k) = -k**2 + 17*k + 21. List the prime factors of u(14).
3, 7
Suppose 4*p = 8 + 16. Let r = 10 - p. Suppose 3*g - m = 20, 0 = g - r*m - 7 + 15. What are the prime factors of g?
2
Let a = -1 + 1. Suppose -c - 3*q = -11 + 43, -3*c - q - 64 = a. Let i = -12 - c. List the prime factors of i.
2
Suppose 0 = c - 31 - 68. List the prime factors of c.
3, 11
Suppose -2*k + 6 = k. Suppose k*a + 25 = 7*a. What are the prime factors of a?
5
Let q(k) be the second derivative of 3*k**5/20 - k**4/6 - k**3/6 + k**2 + k. Let m be q(2). Suppose -3*v + m + 2 = 0. What are the prime factors of v?
2, 3
Suppose -3*z + 5*r = 91, 2*z + 2*r + 56 = -z. Let g = z - -43. What are the prime factors of g?
3, 7
What are the prime factors of 94/4*4/(-5 - -6)?
2, 47
Let t = 24 - 17. Suppose t*g = 3*g - 72. List the prime factors of (-2)/9 + (-130)/g.
7
Let k(x) be the second derivative of 0 - 1/2*x**2 + 4*x - 1/6*x**3. What are the prime factors of k(-6)?
5
Let c(q) be the first derivative of 8*q**3/3 - q**2 - q - 1. List the prime factors of c(-1).
3
Let m(a) = -a**3 - 22*a**2 - 38*a - 12. List the prime factors of m(-21).
3, 5, 23
Let a(s) = -2*s**3 - 4*s - 7. List the prime factors of a(-4).
137
Let h be 6/2 - (-2 + 2). Let f = -1 + h. Suppose f*q - 12 = q. What are the prime factors of q?
2, 3
Let c = 7 - 5. Suppose -10 = -0*l - c*l. Suppose -l*s - 8 = y - 38, 3*s - 18 = y. What are the prime factors of s?
2, 3
Suppose 14 + 1 = 5*g. Suppose 2*u + u - 38 = 4*y, -g*u + 23 = -y. What are the prime factors of u?
2, 3
Suppose 10 = -2*b, -4*z + 5*b + 11 = -290. List the prime factors of z.
3, 23
Suppose 0 = g + 2*o - 4*o - 76, 400 = 5*g - 5*o. What are the prime factors of g?
2, 3, 7
Let a be (-20)/8*8/(-10). Suppose -a*c - 2*c = -128. List the prime factors of c.
2
What are the prime factors of 72 - 2*(-2)/4?
73
Suppose 3*u = -v - 4*v + 233, -2*u - 204 = -4*v. List the prime factors of v.
7
Suppose 4*u - i - 19 = 0, 2*i + i = -5*u + 45. Let d(p) = p**3 - 7*p**2 + 7*p + 4. What are the prime factors of d(u)?
2, 5
Let w = 18 - 2. Suppose 16 + 4 = -5*s + 4*b, -4*s = 3*b + w. List the prime factors of ((-14)/s - -1)*2.
3
Let n(v) = -8*v + 7. Let w(s) = 17*s - 15. Let o(r) = -13*n(r) - 6*w(r). Suppose -x = 4*x + 3*d - 8, -4*x + 36 = -5*d. List the prime factors of o(x).
7
Let p be (10/(-6))/((-10)/120). Suppose p = 8*a - 6*a. List the prime factors of a.
2, 5
Suppose 5*o - 6*o + 97 = 0. What are the prime factors of o?
97
Let z = 29 - 47. Let i be z/(-4) + (-1)/(-2). Suppose b = -i*f + 4*b + 20, 24 = 2*f + 2*b. List the prime factors of f.
7
Let m(y) = -3*y + 27. What are the prime factors of m(-14)?
3, 23
Suppose 4*w - 80 = 68. What are the prime factors of w?
37
Let o(a) = -a**3 + 6*a**2 - 5*a + 5. Let i be o(5). Suppose -m = -i*m + 12. What are the prime factors of m?
3
Let i(h) = -10*h + 8. Let v be i(8). List the prime factors of 4/18 + (-1208)/v.
17
Let f = -3 + -2. Let i be (f - (0 + -2))*-1. Suppose 4*w + 14 = 5*d, 2*w + i*w + 3 = -d. List the prime factors of d.
2
Suppose 3*l - 12 = -0*l. Suppose m + 6 = l*m. Suppose -x + 1 + m = 0. List the prime factors of x.
3
Let k(i) = -i**2 - 17*i + 14. What are the prime factors of k(-12)?
2, 37
Let m = 66 - 47. What are the prime factors of m?
19
Suppose 3*l - 358 = -127. List the prime factors of l.
7, 11
Let u be 9/6 - 1/2. Suppose u + 5 = 3*d. Suppose 5*i - d*s - 24 = 26, 0 = 4*s. List the prime factors of i.
2, 5
Let o(y) = -y - 3. Let n be o(-3). Suppose u - 59 = -n*u - 3*w, -5*w = u - 53. Suppose 0 = -4*s + 5*x + u, 4*x = 4*s - 69 + 5. List the prime factors of s.
2, 3
Suppose -2*p + 5*q + 66 + 14 = 0, -2*q - 8 = 0. Suppose -5*s + 0*s = -p. List the prime factors of s.
2, 3
Let i(f) = -3*f**3 + 17*f**2 + 15*f - 1. Let z(l) = 2*l**3 - 16*l**2 - 14*l + 1. Let a(u) = -3*i(u) - 4*z(u). What are the prime factors of a(-12)?
11
Suppose -75 = -0*m - 3*m. Suppose -l